f (-1 - 1)/(5/y).
2, 17
What are the prime factors of (16 + 18420/(-70))/(2/(-14))?
2, 5, 173
Let d(y) = y**3 + 22*y**2 - 3*y + 46. List the prime factors of d(-19).
2, 593
Let a be -3 + 15/5 + 3. Suppose 3*w - 12 = a. Suppose 0*x + 5*u = x - 21, w*x - 53 = -u. What are the prime factors of x?
11
Suppose -5*p - 34 = -2*i + 3*i, -2*p + 3*i = 0. Let m(s) = 5*s**2 - 11*s - 13. What are the prime factors of m(p)?
233
Suppose -13757 = -16*a + 4483. List the prime factors of a.
2, 3, 5, 19
Let g = 1310 + -656. List the prime factors of g.
2, 3, 109
Suppose 6 = 2*l, 2183 + 4957 = 5*b + 5*l. What are the prime factors of b?
3, 5, 19
Let f = 5 + 0. Let g(l) = 10*l - 9. What are the prime factors of g(f)?
41
Let g(m) = 14*m**2 + 6*m - 13. List the prime factors of g(12).
5, 83
Suppose -3 = 3*p, 3*q = -q - p + 31. Suppose q*i - 10*i + 52 = 0. List the prime factors of i.
2, 13
Let m = 1844 + -928. List the prime factors of m.
2, 229
Suppose -2 = 4*z - 2*z + 3*h, -4*z + h = -24. Let a(r) = z*r**2 - 10*r + 7 + r**2 - 4*r**2. List the prime factors of a(6).
19
Let s(d) be the third derivative of d**6/120 + d**5/4 + 37*d**3/6 - 20*d**2. What are the prime factors of s(-15)?
37
Suppose 64 = 12*g - 4*g. Let z = 2 + 0. Suppose -z*l = 3*f - 0*f - g, 0 = l - 5*f - 17. What are the prime factors of l?
7
Suppose b - o - 1546 = 0, 5*b + 5*o + 1861 = 9631. What are the prime factors of b?
2, 5, 31
Let h be 4 + -1 - (-12 + 13). Suppose -h*z = d - 36, -4*z = -2*d + 45 + 43. What are the prime factors of d?
2, 5
Let x(v) = 2*v + 169. What are the prime factors of x(5)?
179
Let m be 3 - 1 - 2/(-1). Suppose 0*x + 3*x = -m*v + 185, -5*x = 2*v - 285. Let t = -33 + x. What are the prime factors of t?
2, 11
Let z(o) = 22*o**2 + 313 - 16*o + 3*o**3 - 363 - 4*o**3. What are the prime factors of z(21)?
5, 11
Let j(m) = 2*m**2 + 3*m + 3. Let t be j(-6). Let y = t - 1. Let w = -36 + y. List the prime factors of w.
2, 5
What are the prime factors of (11 - 5)*431/6?
431
Let k(c) = 0*c - 3 + 0 + 4*c - 4. Let s be k(3). Suppose 20 = w - s. What are the prime factors of w?
5
Suppose 15*r = 13*r - 2. List the prime factors of (-3)/(9/12) + r + 237.
2, 29
Let u be 24/8 - 48/(-2). Let t = 114 - u. List the prime factors of t.
3, 29
Let x(i) = -2*i**3 + 2*i**2 + 10*i + 56. List the prime factors of x(-9).
2, 13, 61
Suppose 0 = -4*p + 581 + 467. Suppose j - 82 = r, -4*j - 5*r + p = -j. List the prime factors of j.
2, 3, 7
Let m = 390 - 276. Suppose -5*s - m = -454. What are the prime factors of s?
2, 17
What are the prime factors of 2370/(77/42 + (-1)/(-6))?
3, 5, 79
Let k = -15 - -16. What are the prime factors of 28/(14/(-4)*k/(-7))?
2, 7
Suppose -350*m + 355*m = 11330. What are the prime factors of m?
2, 11, 103
Let w(i) be the third derivative of -i**4/8 - i**3/3 - 5*i**2. Let l be w(-3). Suppose -l*k = -8*k + 39. What are the prime factors of k?
3, 13
Let w be ((-3)/(-2))/((-3)/(-54)). Let a = w + -31. List the prime factors of (1 + a)/3 - -59.
2, 29
Let y = 1886 - 1071. List the prime factors of y.
5, 163
Suppose -2*f + 4645 = 5*b, -19*f + 9350 = -15*f - 2*b. List the prime factors of f.
5, 467
Let x(r) = r**3 - 43*r**2 + 45*r + 37. What are the prime factors of x(42)?
163
Let r = -51 - -52. What are the prime factors of r*(-2)/(-4)*222?
3, 37
Let j be (1 - (-2)/1) + 2. Suppose 0 = 3*i + 3*x - 453, j*i - 751 = -2*x + x. Suppose 5*l - 15 = i. List the prime factors of l.
3, 11
Let m be 3/2*(-72)/(-27). Suppose -v - 4*i - 390 = -3*v, 0 = m*v - 5*i - 789. Suppose -7*j + 4*j = -v. List the prime factors of j.
67
Let l(r) = 7*r**2 - 34*r + 50. List the prime factors of l(17).
5, 13, 23
Let l be (6/(-4))/(-1) + (-66)/4. Let y(k) = -k**3 - 14*k**2 + 7*k - 11. List the prime factors of y(l).
109
List the prime factors of (-34)/(-18)*3*(-645)/(-5).
17, 43
Suppose 6*j - 1031 = 655. List the prime factors of j.
281
Let s(o) = -o**2 + 12*o - 3. Let q(x) = -18*x + 5 + 2*x**2 - 2*x - 8*x + 3*x. Let g(l) = -3*q(l) - 7*s(l). List the prime factors of g(11).
2, 7
Suppose d = 4*d + 138. Let l = d - -128. List the prime factors of l.
2, 41
Let h = -6066 - -10432. What are the prime factors of h?
2, 37, 59
Let f = 33 - 27. Suppose -f*m + 100 = -182. List the prime factors of m.
47
Suppose 235 = -5*a - 4*j + 5, -4*a = -4*j + 148. Let t = 2 - a. What are the prime factors of t?
2, 11
Suppose 27*q - 14769 - 18765 = 0. What are the prime factors of q?
2, 3, 23
Let i = 590 + -261. List the prime factors of i.
7, 47
Let i = -37 + 42. Suppose i*t + 0*t = 390. List the prime factors of t.
2, 3, 13
Suppose q + 5 = 4*c - c, -4*q - 11 = -3*c. Let g = 4 - c. Suppose 5*r - g*p - 57 + 11 = 0, -3*r - p = -22. List the prime factors of r.
2
Let i(a) = -49*a + 79. Let q(c) = -1. Let d(j) = -i(j) - 3*q(j). What are the prime factors of d(6)?
2, 109
Let b(v) be the second derivative of -7*v**6/240 - v**5/120 - v**4/2 + 2*v. Let h(m) be the third derivative of b(m). List the prime factors of h(-1).
2, 5
Suppose 0 = -5*s - 4*u - 45, -3*s + 3*u = -u - 5. Let r be 4*9/6*(6 - 0). Let n = r + s. What are the prime factors of n?
31
What are the prime factors of (-33)/(-77) + (-19476)/(-28)?
2, 3, 29
Let w be -1 + 2 + 4 + (-4)/4. Suppose w*y - 53 = -9. List the prime factors of y.
11
Let x(l) = l**3 + 12*l**2 - 71*l - 6. List the prime factors of x(-13).
2, 11, 17
Let w(g) be the third derivative of g**5/60 + g**4/24 + 4*g**2. Let f(b) = 7*b**2 + 5*b + 1. Let i(a) = f(a) - 5*w(a). What are the prime factors of i(-3)?
19
What are the prime factors of (526/1)/(7/((-28)/(-8)))?
263
Suppose -3*s - l - 10 = -5, l + 5 = -2*s. Suppose 2*j - 15 + 9 = s. List the prime factors of ((-10)/j + 3)*-42.
2, 7
Let i = 4 + -1. Suppose -3*o + 23 = i*z - 247, 2*z = 5*o + 194. List the prime factors of z.
2, 23
Suppose 46672 + 40028 = 25*g. List the prime factors of g.
2, 3, 17
Suppose -5*o = -q - q + 400, -4*q + 828 = -3*o. Let l = -83 + q. List the prime factors of l.
127
Let o be (-2)/(-8) + 7/4. Let q = -2 + 16. What are the prime factors of q - (-2)/(o + 0)?
3, 5
What are the prime factors of 8 - (-975)/6 - (-2)/4?
3, 19
Let c(v) = 3*v**3 + v**2 - 1. Let t be c(-1). Let o(q) = 3*q + 403 - 809 + 411 + 3*q**2 - 2*q. What are the prime factors of o(t)?
29
Suppose 4*k = 2*d + 4554, -3*d + 1596 - 5013 = -3*k. List the prime factors of k.
2, 569
Suppose r = w - 0*w + 4, -12 = -w - 3*r. Suppose 2*a - 3*a + 3 = 0, -5*f + 2*a + 229 = w. List the prime factors of f.
47
Suppose -4*h + 19 = 4*n - 5*h, 2 = 2*h. Suppose -5*r - 120 = -n*v, -1 = -r - 4*v - 0*v. Let y = r + 26. What are the prime factors of y?
7
Let l(s) = -3 - 5 + 7. Let b(y) = y**3 - 8*y**2 - 6*y. Let o(u) = b(u) - 2*l(u). List the prime factors of o(9).
29
Suppose -4*c + 9*u + 8535 = 14*u, -5*c + 5*u + 10680 = 0. What are the prime factors of c?
5, 7, 61
Let j(r) = -2*r**2 - 25*r + 41. Let q = 23 + -25. Let n(l) = -l**2 - 12*l + 21. Let k(f) = q*j(f) + 5*n(f). What are the prime factors of k(-10)?
23
Let a(n) = -3*n**3 + 31*n**2 - 16*n + 34. Let g(y) = 2*y**3 - 21*y**2 + 11*y - 23. Let u(b) = 5*a(b) + 7*g(b). What are the prime factors of u(7)?
37
Suppose 2*x = -5*d + 23 + 8, -4*x + 107 = d. List the prime factors of x/98 + 766/14.
5, 11
Let o(g) = 2*g**3 - 3 + g**2 - 4*g**2 - 2*g + g. Let v(h) = -56*h + 171. Let w be v(3). What are the prime factors of o(w)?
3, 7
Let t(k) = -14*k + 45. Let m be t(5). List the prime factors of 900/m*(-1 + -5).
2, 3
Suppose 0 = 9*g - 19895 - 10597. What are the prime factors of g?
2, 7, 11
Let o = 316 - -22. List the prime factors of o.
2, 13
Suppose -2*y - 25 = 3*y, -5*y - 49 = -4*i. Let d(m) = 2*m**2 - 2*m + 3. List the prime factors of d(i).
3, 7
Let l be 2 - 60/25 - 22/(-5). Let a(i) = 2 - 5 - 3 + 4*i. List the prime factors of a(l).
2, 5
Suppose -4*g + 4438 + 1900 = k, 5*k + 4*g = 31642. What are the prime factors of k?
2, 3163
Suppose -4*v + h + 41 = 0, -3*v = -2*h - 31 - 6. Suppose v - 7 = w. List the prime factors of w.
2
Let n(p) = -p**3 + 9*p**2 + 12*p + 7. Suppose -w + 12 = -2*b, 4*w - 36 = b - 5*b. What are the prime factors of n(w)?
3
Suppose -2112 = -7*z + 814. What are the prime factors of z?
2, 11, 19
Let s be 1/(-2) - 17/(-2). Let u = -5 + s. Suppose 60 = u*o - 21. What are the prime factors of o?
3
What are the prime factors of 1 + -1 - 